 = p*r(w) + n(w). Give c(-4).
-14
Let k(f) = f**3 + f**2 - 4*f + 2. Suppose 5*d + 4*s + 147 = -0*d, 5*d + 159 = 2*s. Let a(x) = x**3 + 31*x**2 + x + 34. Let j be a(d). Determine k(j).
26
Let h(a) = -2*a**2 - 18*a + 26. Let c(x) = x**3 - 2*x**2 - 14*x - 7. Let k be c(-3). Calculate h(k).
6
Let m(x) be the third derivative of -x**5/30 + 7*x**4/24 - 5*x**3/2 - 10*x**2 + 12. Determine m(5).
-30
Let k(x) = -4*x**3 + 80*x**2 - 3*x + 68. Let f be k(20). Let w(n) = -11*n + 75. Determine w(f).
-13
Suppose -2*p = 3*p - 5. Let a(h) = h - 7. Let m(u) = -3*u - 2. Let j(r) = -a(r) + 3*m(r). Determine j(p).
-9
Let x(b) = b**3 - 6*b**2 - b + 7. Let j(i) be the third derivative of -i**6/120 - i**5/6 + i**4/2 + 17*i**3/6 + 6*i**2. Let a be j(-11). What is x(a)?
1
Let v(r) = 2*r**3 + 7*r**2 + 2*r + 8. Let z be 2*(4/16)/(2/(-20)). Let k be v(z). Let t = -79 - k. Let b(c) = 2*c + 3. What is b(t)?
-1
Let z be 16/6*36/48. Let i(a) = -10*a + a**z - 4*a - 1 + 0*a. Calculate i(13).
-14
Let i(j) be the second derivative of j**3 + 71*j**2/2 + 108*j - 1. Give i(-17).
-31
Let u(x) = 2*x**2 - 19*x - 15. Let s be -1*144/(-15) - (46/10 - 5). Calculate u(s).
-5
Let o(d) = 2*d**2 + 25*d + 10. Suppose 665*l + 888 = 591*l. Calculate o(l).
-2
Let k be -1 + -9 + 100/(-3 - -53). Let i(g) = g**3 + 9*g**2 + 10*g + 16. What is i(k)?
0
Let s(z) be the first derivative of 2*z + 5 + 1716*z**3 - 1714*z**3 + 89. Give s(-2).
26
Let c = 1 + 4. Suppose x - 9 = -0*x + 3*d, -c = d. Let m(l) = l**3 + 7*l**2 + 8*l + 8. Determine m(x).
-4
Let g be -45 + 43 + 0/(-2)*-1. Let v be 52/(-13)*3/g. Let z(u) = 4*u**2 + 12*u + 6. Let t(l) = l**2 + l + 1. Let s(d) = 5*t(d) - z(d). What is s(v)?
-7
Suppose -3*m - z - 88 = 0, 0 = -m + 26*z - 27*z - 32. Let o(y) = y**2 + 28*y - 45. What is o(m)?
-45
Let m(n) = -n - 9. Let y(u) = -u**3 + 18*u**2 - 27*u - 90. Suppose -4*i + 12*h - 7*h = -39, -3*i - 4*h + 68 = 0. Let c be y(i). Give m(c).
1
Let l be (-234)/(-30) + (-228)/60 + 3. Let y(k) be the second derivative of 0 + 1/2*k**3 - 3/2*k**2 - 1/3*k**4 + 1/20*k**5 + l*k. Give y(3).
-3
Let f(a) be the second derivative of -4*a**3/3 - a**2/2 - 8*a - 4. Let o(d) = -6*d. Let y(w) = -4*f(w) + 6*o(w). Calculate y(4).
-12
Let m(h) = -6*h - 20 + 140*h**2 - 143*h**2 - 20 + 23 + 3*h. Calculate m(-6).
-107
Let q(k) = -k**2 - k - 11. Let s = -459 - -457. Let r be (11/(-5) - s) + 19/95. What is q(r)?
-11
Let f(g) = -g**3 - 9*g + 1. Let m(n) = 4*n**3 + 8*n**2 + 36*n - 1. Let z(h) = 5*f(h) + m(h). What is z(7)?
-10
Suppose -73 = 4*p + 7. Let v(w) be the second derivative of w**4/12 + 19*w**3/6 - 9*w**2/2 + 2*w + 18965. Give v(p).
11
Suppose 3*s - 24 = -5*s. Let n = 14 + -8. Suppose 0 = s*v - 0*v + n. Let z(u) = 3*u + 1. What is z(v)?
-5
Let r(z) = -9 + z - 15 + 39 - 20. Suppose -2*j = -0*j. Let w be (j - 1) + (-5)/1. Calculate r(w).
-11
Let n = 750 + 8. Let p(f) = -5*f + 758 - n. Suppose 0 = h + 4*h + 3*a - 24, -4*h = 3*a - 21. Determine p(h).
-15
Let z(v) = -1. Let i(j) = j**2 - 3*j + 8. Let x(h) = i(h) + 2*z(h). Suppose -1027*n + 1345 = -758*n. Calculate x(n).
16
Let a(u) = u**3 - 4*u**2 - u - 4. Suppose 0 = 4*c + 100*l - 102*l - 6, -l = -3*c + 3. What is a(c)?
-4
Let n(b) = -569*b - 120. Let d(y) = 287*y + 1. Let q(v) = -2*d(v) - n(v). What is q(22)?
8
Let f = 41233 - 41230. Let a(y) be the first derivative of 2*y**2 - 3*y + 2. Give a(f).
9
Suppose -q = -5*f - 39, -3*f + 17 + 10 = 3*q. Let t(c) = c - 2 + 20 - 9 - q. What is t(-7)?
-12
Let v be 2813/194 + 33/(-3). Let p(j) be the second derivative of -1/20*j**5 + v*j**2 + 0 + 1/2*j**3 + 30*j - 7/12*j**4. Calculate p(-7).
-14
Let s(r) be the third derivative of 7*r**4/24 + 17*r**3/6 + 4265*r**2. Give s(-4).
-11
Let a be 1/((-4)/48*-2). Suppose 0 = -3*c + c - a, 4*r - 2*c = 6. Suppose 4*x + 4*l + 20 = -r*l, 3*l + 7 = 5*x. Let n(t) = 18*t**2 - 2*t - 1. Determine n(x).
19
Let r(m) = -2*m**3 + 23*m**2 + 41*m - 3. Let z(v) = -v**3 + 11*v**2 + 21*v - 1. Let t(u) = -4*r(u) + 7*z(u). Let x = 2304 - 2288. Calculate t(x).
-11
Let a(u) = u**2 + 2*u - 2. Suppose 19*x - 11*x - 1160 = 0. Let l = -144 + x. Calculate a(l).
1
Let u(t) be the first derivative of t**6/120 - 2*t**5/15 + t**4/3 + 2*t**3/3 + 15*t**2/2 + 10. Let g(d) be the second derivative of u(d). Give g(6).
-20
Let d = -89 + 89. Suppose 3*y - 3*l + 24 = d, 4*l - 3 - 26 = 3*y. Let p(i) = -3*i**2 - 2*i + 3. Determine p(y).
-18
Let q(f) = -2*f + 1762 + 1767 - 3538. Let o(y) = y**3 - y**2 - y - 6. Let r be o(0). Determine q(r).
3
Let t(x) = x - 1. Let p(y) = 12*y - 4. Let a(b) = -b**3 + 13*b**2 + 2*b - 20. Let u be a(13). Let i(d) = u*t(d) - p(d). What is i(3)?
-20
Suppose 295 - 686 = -365*l + 339. Let z(c) be the first derivative of -1/4*c**4 + 0*c**l + 29 - 1/3*c**3 + 0*c. Calculate z(1).
-2
Let y(f) = -f**3 - 3*f**2 - f - 1. Let d be y(-3). Let s(r) = 6*r - 3. Let a be s(1). Let h(u) = 2 - a*u - 3*u - 7 + 6. What is h(d)?
-11
Let a(o) be the third derivative of o**5/15 + 31*o**4/24 - o**3/6 + 106*o**2 - 13*o. Calculate a(-8).
7
Let r(f) = -f + 12. Suppose -14*s = 4*y - 11*s + 904, 0 = y - 4*s + 207. Let k = y + 236. What is r(k)?
-1
Let c(t) = 170*t + 2. Let d be c(4). Let n(j) = 336*j + 345*j - 4 + j**2 - d*j. Let r be 2/2 + 0 + -1. Calculate n(r).
-4
Let b(n) = -4*n - 48. Suppose -2*y = 18*y + 107 + 133. Give b(y).
0
Let p be (-12)/((-12)/5) - (-32)/(-4). Let u(d) = -d**2 - 8*d - 17. Determine u(p).
-2
Let a(p) = -p**3 - 4*p**2 + p - 2. Suppose 9 = 3*c + 3*b, -5*b = 4*c - 8 - 5. Suppose 0 + 2 = s, -c*s = -4*q + 20. Let k be (5 - q/1) + -4. Determine a(k).
18
Let u(q) = -19*q - 7. Let k(y) = 63*y + 15. Let d(s) = 2*k(s) + 5*u(s). Give d(1).
26
Let m(k) = -k**2 + 28*k - 180. Let d be m(13). Let n(c) = 2 - d - 6*c - 2*c - 1 + 9*c. Give n(17).
3
Let y = 14 + -12. Suppose 4*c + 2*t + 16 = -y*t, 0 = 3*c - 5*t - 12. Let d(s) = 6*s**2 - s - 2. Calculate d(c).
5
Suppose 0 = -3*p + b + 17 - 2, 5 = 5*p + 5*b. Let h(o) = 31 + 9*o**2 + 8*o + 5*o**3 - p*o**3 - 32. What is h(-8)?
-1
Let w(f) = 256*f - 1532. Let u be w(6). Let o(j) be the second derivative of -26*j + 0 + 1/12*j**u - 5/2*j**2 - 1/3*j**3. Calculate o(4).
3
Let f(s) = 3*s**2 + 2*s - 6. Let u be (-33)/(-6)*-2*-7*(-6)/(-77). Determine f(u).
114
Let u(i) = 5*i**3 + 2*i**2 - i + 2. Let r(m) = -5*m + 54. Let c be r(10). Let a be (-5)/c + 0 + 21/(-28). Give u(a).
-28
Let k(d) = -d**2 - 12*d - 4. Let b be 234/(-6) + (0/(-2))/3. Let j be 4 - 4/2 - b/(-3). Calculate k(j).
7
Let t(k) = 2*k**2 + 4*k - 1. Let f(v) = 5*v**2 + 11*v - 2. Let n(o) = -3*f(o) + 8*t(o). Let a be (-1655)/15 - (2 + (-8)/6). Let l = a + 109. Calculate n(l).
4
Let o = -31 + 49. Let s be o + (-1 - (0 + -2)). Let g = s + -18. Let u(q) = -2*q**2 - 2*q + 1. Calculate u(g).
-3
Let n(v) = 11*v**2 - v + 45. Let g(u) = -5*u**2 + 3*u - 21. Let w(l) = -9*g(l) - 4*n(l). Determine w(22).
-13
Suppose 0*t = 2*t - v - 11, 0 = -5*t - 2*v + 23. Suppose 6*q + t*q = 407. Let x(m) = m**3 + 17*m - q*m + 3 - 3*m**2 + 19*m. Determine x(3).
0
Let o(w) = -w**3 + 6*w**2 - 2*w - 6. Let t(p) = p**3 - 10*p**2 + 24*p - 16. Let x be t(7). Let f be (-1 - -2) + -1 + 0. Let c = x + f. What is o(c)?
9
Let d(s) be the second derivative of 1/6*s**3 + 9/2*s**2 - 1/20*s**5 - 11/12*s**4 + 13*s + 4. Give d(-11).
-2
Let s(g) = 7*g + 4. Let o(q) = -7*q - 5 - 3 + 3. Let r = 2112 + -2108. Let k(i) = r*o(i) + 5*s(i). What is k(3)?
21
Let z(k) = k + 4. Suppose -11*d - 1795 = 1351. Let l = 281 + d. Determine z(l).
-1
Let j(f) = -f**2 - 9*f + 4. Let c be (5014/(-69))/(0 + 2/3). Let y = c - -100. Determine j(y).
4
Let n(j) be the first derivative of j**6/120 - 2*j**5/15 + j**4/3 - 7*j**3/6 + 161*j**2/2 + 216. Let h(b) be the second derivative of n(b). Give h(7).
0
Let l(z) = 83*z + 102. Let o(y) = 28*y + 33. Let h(r) = 4*l(r) - 11*o(r). Calculate h(-2).
-3
Let g(v) = 0*v + v + 9*v**2 + 0*v**2 - 7*v**2 + 3 + 2*v**2 + v**3. Suppose 4*r + 3*y - 74 = 0, 0*r + 18 = r + y. Suppose 5 = 5*u + r. Calculate g(u).
9
Suppose -5 = 496*f - 497*f. Let m(n) be the second derivative of -n**5/20 + 5*n**4/12 - n**3/6 + 3*n**2/2 + 2*n. Calculate m(f).
-2
Let w be ((-22)/(-55))/((-6)/15). Let c(s) = -s**2 + s + 1. Let z(x) = x**3 - 7*x**2 + 8*x - 1. Let i(q) = w*z(q) + 6*c(q). Give i(0).
7
Let w(p) be the second derivative of p**3/3 + 7*p**2/2 - 1612*p. Suppose -5*v = 5 + 20. What is w(v